e (base 16) to base 2
1000011010011110
What is -1344 (base 10) in base 8?
-2500
232102 (base 4) to base 10
2962
What is -819 (base 10) in base 15?
-399
-30121312 (base 4) to base 8
-143166
What is -223301 (base 4) in base 10?
-2801
-10022 (base 5) to base 16
-27d
Convert 24132 (base 5) to base 8.
3400
Convert 1a0 (base 15) to base 16.
177
What is -16535 (base 8) in base 12?
-4425
Convert 416 (base 9) to base 2.
101010011
Convert 122010 (base 3) to base 10.
462
What is -5a8a (base 12) in base 11?
-7720
4864 (base 11) to base 2
1100011011010
Convert 6dc (base 16) to base 7.
5056
What is -1101111011101 (base 2) in base 14?
-2857
What is 64401 (base 8) in base 4?
12210001
Convert -13030 (base 4) to base 10.
-460
What is 1075 (base 9) in base 10?
797
What is 654 (base 8) in base 3?
120212
Convert -5b2 (base 13) to base 9.
-1320
10201 (base 5) to base 3
221001
Convert 435 (base 12) to base 14.
321
52564 (base 7) to base 11
9832
What is -8372 (base 14) in base 15?
-6a95
What is -1010100110 (base 2) in base 6?
-3050
-274 (base 11) to base 10
-323
1001102 (base 3) to base 8
1377
Convert -1400 (base 8) to base 9.
-1043
What is 551 (base 15) in base 4?
102301
1201111 (base 5) to base 10
22031
Convert 1112212 (base 3) to base 2.
10001101010
Convert -241a5 (base 12) to base 3.
-2110201222
What is -314 (base 10) in base 15?
-15e
Convert 1001111 (base 3) to base 6.
3321
What is -1b30 (base 15) in base 12?
-34b3
Convert 12657 (base 12) to base 15.
769d
What is -1486 (base 14) in base 4?
-320332
-302 (base 5) to base 13
-5c
Convert -50d (base 15) to base 11.
-945
What is -667 (base 14) in base 7?
-3460
4124 (base 5) to base 4
20123
341 (base 13) to base 9
682
Convert 2535 (base 14) to base 12.
392b
What is 3756a (base 11) in base 4?
31022201
7c4 (base 13) to base 7
3626
Convert -14112 (base 5) to base 3.
-1120212
What is -31a9 (base 15) in base 16?
-290d
What is -1789 (base 10) in base 12?
-1051
-4b6 (base 13) to base 10
-825
Convert -3b6b (base 15) to base 11.
-95a7
What is -321223 (base 4) in base 5?
-104231
113 (base 14) to base 11
184
What is -122122 (base 4) in base 13?
-a00
-11111010101 (base 2) to base 9
-2667
Convert -2 (base 16) to base 7.
-2
What is 6155 (base 10) in base 8?
14013
Convert -143433 (base 6) to base 10.
-13773
Convert 121311 (base 5) to base 12.
2799
-1101000101101 (base 2) to base 10
-6701
What is -1150 (base 7) in base 2?
-110101011
What is 2812 (base 14) in base 11?
534a
Convert -16785 (base 10) to base 12.
-9869
Convert -4313 (base 10) to base 8.
-10331
-113140 (base 5) to base 2
-1000001001010
Convert -644 (base 12) to base 6.
-4124
-10a (base 12) to base 10
-154
Convert 364 (base 10) to base 2.
101101100
Convert 11021212 (base 3) to base 11.
2394
1210440 (base 6) to base 14
192c0
Convert 10317 (base 12) to base 5.
1134222
What is 2030 (base 8) in base 10?
1048
Convert -1112 (base 5) to base 11.
-133
1010001111011 (base 2) to base 16
147b
What is -122a (base 14) in base 5?
-100144
Convert 1101110 (base 2) to base 10.
110
37626 (base 8) to base 6
203210
-204043 (base 5) to base 12
-3b05
What is 101 (base 6) in base 13?
2b
What is 3145 (base 6) in base 10?
713
-1121d (base 14) to base 9
-63028
Convert -11110111111011 (base 2) to base 10.
-15867
What is 163d (base 14) in base 13?
1a6a
Convert -2723 (base 10) to base 4.
-222203
305340 (base 6) to base 8
57734
Convert -23120 (base 4) to base 6.
-3212
15531 (base 6) to base 8
5017
-1775 (base 9) to base 6
-10152
Convert 211 (base 16) to base 12.
381
Convert 120120 (base 3) to base 8.
644
-22 (base 5) to base 2
-1100
Convert -1094 (base 13) to base 2.
-100100001110
Convert -1111000101 (base 2) to base 11.
-7a8
-4697 (base 11) to base 16
-180c
Convert -14501 (base 10) to base 11.
-a993
What is 22066 (base 8) in base 6?
110530
Convert -1e8 (base 16) to base 6.
-2132
-1882 (base 9) to base 4
-112223
-24501 (base 6) to base 5
-104022
-255 (base 14) to base 3
-122022
1163 (base 8) to base 10
627
-5a79 (base 11) to base 13
-3808
Convert 11001111 (base 2) to base 3.
21200
What is 16646 (base 10) in base 3?
211211112
Convert -2068 (base 12) to base 3.
-11211222
What is -682 (base 16) in base 8?
-3202
Convert -324025 (base 6) to base 14.
-9aa5
Convert c0a (base 16) to base 8.
6012
What is -36670 (base 8) in base 2?
-11110110111000
What is 424423 (base 5) in base 8?
34033
Convert 416540 (base 7) to base 13.
269a5
Convert -2020 (base 6) to base 2.
-110111100
-12141 (base 8) to base 5
-131332
Convert -8067 (base 9) to base 7.
-23116
What is -19a7 (base 13) in base 12?
-2293
Convert 24f0 (base 16) to base 12.
5580
Convert -33d (base 16) to base 6.
-3501
-114302 (base 6) to base 5
-310141
What is 11051 (base 6) in base 7?
4333
What is 24851 (base 10) in base 14?
90b1
Convert -207 (base 15) to base 5.
-3312
-3b41 (base 12) to base 8
-15241
What is -392a (base 15) in base 3?
-121201111
What is -312233 (base 4) in base 12?
-203b
-a6 (base 16) to base 8
-246
What is aa8 (base 15) in base 9?
3265
What is 410 (base 16) in base 9?
1375
340 (base 14) to base 5
10034
What is 219 (base 10) in base 15?
e9
5030 (base 7) to base 11
1339
456 (base 14) to base 10
860
-10110100111 (base 2) to base 10
-1447
8727 (base 9) to base 14
24ac
741 (base 10) to base 12
519
What is -57 (base 15) in base 3?
-10001
-2158 (base 11) to base 14
-1074
What is 100111101111001 (base 2) in base 13?
9350
-336 (base 15) to base 5
-10401
Convert 14214 (base 5) to base 7.
3311
Convert 20121 (base 3) to base 7.
343
-211210110 (base 3) to base 15
-4dcc
-35d (base 16) to base 2
-1101011101
Convert -3167 (base 13) to base 10.
-6845
What is -12300123 (base 4) in base 15?
-8300
What is 143ab (base 12) in base 6?
334335
Convert -3374 (base 9) to base 5.
-34442
What is -343 (base 14) in base 3?
-212222
What is -14314 (base 5) in base 9?
-1583
What is 2001123 (base 5) in base 10?
31413
Convert -42277 (base 8) to base 6.
-213251
Convert -524 (base 6) to base 9.
-237
What is 14001 (base 6) in base 11?
1695
Convert -1876 (base 16) to base 2.
-1100001110110
6a61 (base 13) to base 15
466b
-185e (base 15) to base 11
-3a56
232046 (base 7) to base 14
111cd
What is -11221010 (base 3) in base 15?
-10e9
Convert -22a5 (base 11) to base 10.
-3019
Convert -3400 (base 10) to base 2.
-110101001000
What is 55 (base 15) in base 8?
120
Convert 10202 (base 3) to base 4.
1211
Convert 1525 (base 8) to base 6.
3541
What is -101542 (base 8) in base 6?
-415414
What is 93a (base 12) in base 3?
1211201
Convert 20541 (base 6) to base 9.
3747
-1c8f (base 16) to base 11
-5547
-17 (base 12) to base 7
-25
-1001000100 (base 2) to base 16
-244
12d (base 15) to base 9
327
What is -40034 (base 6) in base 2?
-1010001010110
551 (base 7) to base 6
1145
What is 3644 (base 7) in base 13?
803
What is 101716 (base 8) in base 11?
23395
Convert -25476 (base 10) to base 5.
-1303401
What is -296 (base 12) in base 2?
-110010010
-263e (base 16) to base 6
-113154
What is -111101001100110 (base 2) in base 13?
-11354
What is -101010111101110 (base 2) in base 14?
-8034
-31013 (base 4) to base 15
-3ae
Convert 3000 (base 6) to base 3.
220000
-350250 (base 6) to base 4
-13103112
What is -243440 (base 5) in base 10?
-9245
111101011101 (base 2) to base 12
2339
-550 (base 14) to base 11
-875
What is 6733 (base 13) in base 14?
5371
Convert 2822 (base 9) to base 15.
96b
-214 (base 6) to base 10
-82
Convert -210222 (base 3) to base 14.
-305
What is -13130112 (base 4) in base 7?
-154611
-350 (base 11) to base 6
-1534
-3231 (base 7) to base 8
-2175
What is -703 (base 8) in base 16?
-1c3
8110 (base 11) to base 13
4ba3
-240 (base 12) to base 7
-660
Convert 51d8 (base 16) to base 6.
241000
Convert -1323021 (base 4) to base 13.
-3783
What is 7151 (base 8) in base 10?
3689
Convert 6058 (base 11) to base 14.
2d0d
-16242 (base 8) to base 13
-344b
-207 (base 12) to base 11
-249
Convert -5160 (base 9) to base 13.
-194a
-1308 (base 9) to base 6
-4312
11001 (base 2) to base 15
1a
What is -70a1 (base 16) in base 12?
-14829
10545 (base 6) to base 5
22010
-1646 (base 11) to base 15
-957
What is -35313 (base 6) in base 2?
-1001111011101
What is dc (base 15) in base 14?
10b
3693 (base 12) to base 14
235d
1110020201 (base 3) to base 13
1003c
Convert 4077 (base 9) to base 14.
1134
-3202 (base 6) to base 5
-10342
Convert -21b